 454872 and 127688?
88
Calculate the highest common factor of 72 and 12156309.
9
What is the greatest common divisor of 11573205 and 420?
105
What is the highest common divisor of 1463866 and 8?
2
Calculate the greatest common divisor of 17790 and 36990.
30
Calculate the highest common divisor of 785256 and 168.
24
What is the greatest common factor of 1312 and 34790222?
82
Calculate the greatest common factor of 1470 and 11031762.
294
What is the greatest common factor of 6071 and 3581?
1
Calculate the highest common divisor of 2280 and 152285.
95
What is the highest common divisor of 38077 and 59189?
377
What is the greatest common divisor of 1069 and 390775088?
1069
Calculate the highest common divisor of 10367121 and 8185.
1637
What is the greatest common divisor of 137702216 and 40?
8
Calculate the greatest common divisor of 71618813 and 14517.
1613
What is the highest common factor of 6386 and 8322074?
62
What is the greatest common factor of 968 and 347731736?
968
What is the greatest common divisor of 1659232 and 10336?
608
What is the greatest common divisor of 53112 and 24324?
12
What is the greatest common divisor of 1666737 and 3591?
513
What is the greatest common factor of 9993454 and 32752?
4094
Calculate the highest common factor of 3415792 and 95504.
2032
What is the greatest common factor of 10335280 and 751120?
3280
What is the highest common factor of 273 and 922031383?
91
Calculate the highest common factor of 11587808 and 48544.
1184
What is the greatest common factor of 43 and 1952518802?
43
What is the highest common divisor of 126 and 992370?
6
What is the greatest common divisor of 4277147 and 532?
133
What is the highest common divisor of 4936420 and 6148?
212
What is the greatest common divisor of 5847 and 9965237?
1949
What is the highest common factor of 7681793 and 1104?
23
Calculate the greatest common factor of 39 and 25296990.
3
What is the greatest common divisor of 455056 and 4132?
4
Calculate the greatest common factor of 456772 and 44.
4
What is the greatest common divisor of 32995706 and 2588?
1294
Calculate the highest common factor of 64 and 42561952.
32
What is the highest common factor of 844722593 and 2123?
2123
What is the highest common divisor of 906069 and 224394?
447
Calculate the highest common factor of 260028015 and 78.
39
What is the highest common divisor of 49248 and 1497732?
228
Calculate the highest common factor of 489620 and 17320.
20
Calculate the highest common divisor of 2432 and 71763.
19
Calculate the greatest common divisor of 40602 and 3131.
101
Calculate the highest common divisor of 55 and 4002669.
11
Calculate the highest common factor of 3421224 and 3760.
376
Calculate the greatest common factor of 52 and 143410540.
52
Calculate the highest common divisor of 197393 and 25281137.
1141
What is the greatest common divisor of 8399800 and 55?
5
Calculate the highest common factor of 5100 and 88686450.
2550
What is the greatest common factor of 28243550 and 30?
10
Calculate the greatest common factor of 81768 and 16944.
24
What is the highest common factor of 160 and 114486?
2
Calculate the greatest common factor of 1594473 and 3199.
457
Calculate the highest common factor of 3679983 and 50949.
333
Calculate the greatest common factor of 7890048 and 25874.
1522
What is the highest common factor of 10144175 and 125?
25
What is the highest common factor of 10842 and 202254?
78
Calculate the greatest common divisor of 798 and 108776748.
114
What is the highest common divisor of 391008 and 11040?
96
What is the greatest common divisor of 106710 and 5955?
15
What is the highest common factor of 239020 and 5510?
190
Calculate the highest common divisor of 13781675 and 50935.
835
What is the highest common divisor of 87719460 and 3875?
155
Calculate the highest common divisor of 1516216270 and 5710.
5710
What is the greatest common divisor of 267152 and 4366?
118
Calculate the highest common factor of 29233 and 55186.
41
Calculate the highest common factor of 804 and 161505644.
268
Calculate the greatest common factor of 1365 and 90896225.
35
What is the greatest common factor of 144 and 260487216?
144
Calculate the highest common factor of 48250 and 76814.
386
Calculate the highest common factor of 10 and 391193710.
10
Calculate the greatest common divisor of 6066488 and 121588.
1076
Calculate the greatest common divisor of 196574 and 85380365.
5173
What is the greatest common divisor of 75820 and 57221354?
7582
What is the greatest common factor of 21135 and 208965972?
4227
Calculate the greatest common factor of 6330 and 12774.
6
Calculate the greatest common factor of 9647917 and 25.
1
Calculate the highest common factor of 4525 and 853596.
181
What is the greatest common factor of 7882 and 4816?
14
What is the greatest common factor of 737 and 3615923?
67
What is the highest common divisor of 220340 and 20332?
92
What is the highest common divisor of 75 and 14379?
3
What is the greatest common factor of 1290 and 4573458930?
1290
Calculate the greatest common divisor of 4160 and 240287008.
416
What is the greatest common divisor of 142 and 1049806?
142
Calculate the highest common factor of 46581348 and 44.
44
What is the highest common factor of 53227400 and 4700?
100
What is the greatest common divisor of 907158 and 4206?
6
What is the greatest common factor of 1665 and 1242755?
5
Calculate the greatest common divisor of 58973868 and 98448.
3516
Calculate the highest common factor of 208 and 175749548.
52
Calculate the highest common divisor of 1615999 and 1705.
341
Calculate the highest common divisor of 129320 and 15635.
265
What is the highest common factor of 62236640 and 160?
160
What is the greatest common factor of 65628 and 23013?
9
What is the highest common divisor of 25572 and 480?
12
Calculate the greatest common divisor of 2350 and 314131550.
2350
What is the greatest common factor of 8362901 and 3131?
3131
Calculate the highest common divisor of 21578860 and 80.
20
What is the greatest common factor of 67 and 31020397?
67
Calculate the greatest common factor of 37054 and 400222.
194
Calculate the highest common divisor of 36439 and 3627.
13
Calculate the highest common divisor of 1264725 and 1323.
63
Calculate the highest common divisor of 481 and 30739267.
481
What is the highest common factor of 2841490483 and 289?
289
What is the highest common divisor of 222237334 and 22?
22
Calculate the highest common factor of 3625008 and 1968.
48
Calculate the highest common factor of 4498 and 103434797.
173
What is the greatest common factor of 3754 and 1560173662?
3754
What is the greatest common factor of 14121328 and 2?
2
Calculate the greatest common factor of 472998 and 2976.
186
Calculate the greatest common factor of 659375 and 17935.
1055
Calculate the highest common divisor of 8199 and 25674713.
911
What is the greatest common divisor of 18 and 805514?
2
Calculate the highest common divisor of 3117597 and 42.
21
What is the highest common divisor of 82241172 and 90?
18
What is the highest common divisor of 1936620 and 27260?
580
What is the greatest common divisor of 14 and 4180610?
14
What is the greatest common factor of 5440 and 88960?
320
What is the greatest common divisor of 6739566 and 12?
6
What is the highest common factor of 4829 and 9218?
11
Calculate the greatest common factor of 4650 and 3097365.
465
What is the greatest common factor of 1845342 and 10380998?
7594
What is the highest common factor of 8 and 14750914?
2
What is the greatest common divisor of 89312 and 39693602?
5582
Calculate the greatest common factor of 675084 and 9564804.
6684
What is the greatest common factor of 15602 and 193140?
58
What is the greatest common factor of 1480986 and 15?
3
What is the greatest common factor of 308 and 27355524?
28
Calculate the highest common factor of 238469 and 12539373.
1463
Calculate the greatest common divisor of 1324125891 and 134.
67
What is the greatest common factor of 949822848 and 72?
72
What is the greatest common factor of 379909728 and 22176?
3168
What is the highest common factor of 112937196 and 1572?
1572
What is the highest common divisor of 11985 and 25799710?
3995
What is the greatest common divisor of 12528 and 37479252?
348
Wh